{"id":9919,"date":"2025-12-04T21:15:00","date_gmt":"2025-12-04T21:15:00","guid":{"rendered":"https:\/\/sarpakete.com\/index.php\/urun\/gri-su-gecirmez-tekerlekli-pazar-arabasi-pazar-cantasi\/"},"modified":"2025-12-04T21:15:02","modified_gmt":"2025-12-04T21:15:02","slug":"gri-su-gecirmez-tekerlekli-pazar-arabasi-pazar-cantasi","status":"publish","type":"product","link":"https:\/\/sarpakete.com\/index.php\/urun\/gri-su-gecirmez-tekerlekli-pazar-arabasi-pazar-cantasi\/","title":{"rendered":"Gri Su Ge\u00e7irmez Tekerlekli Pazar Arabas\u0131, Pazar \u00c7antas\u0131"},"content":{"rendered":"<p>ARABA TOPLAM Y\u00dcKSEKL\u0130K 95 CM \u00c7ANTA BOYU Y\u00dcKSEKL\u0130K 60 CM GEN\u0130\u015eL\u0130K 34 CM DER\u0130NL\u0130K 25 CM \u00c7ANTA TA\u015eIMA KAPAS\u0130TES\u0130 50 KG TOPLAM ARABA A\u011eIRLI\u011eI 2,2 KG<\/p>\n","protected":false},"excerpt":{"rendered":"<p>ARABA TOPLAM Y\u00dcKSEKL\u0130K 95 CM \u00c7ANTA BOYU Y\u00dcKSEKL\u0130K 60 CM GEN\u0130\u015eL\u0130K 34 CM DER\u0130NL\u0130K 25 CM \u00c7ANTA TA\u015eIMA KAPAS\u0130TES\u0130 50 KG TOPLAM ARABA A\u011eIRLI\u011eI 2,2 KG<\/p>\n","protected":false},"featured_media":9918,"comment_status":"open","ping_status":"closed","template":"","meta":[],"product_brand":[229],"product_cat":[159],"product_tag":[],"class_list":{"0":"post-9919","1":"product","2":"type-product","3":"status-publish","4":"has-post-thumbnail","6":"product_brand-sar-pakete","7":"product_cat-pazar-arabasi-cantasi","10":"instock","11":"shipping-taxable","12":"purchasable","13":"product-type-simple"},"_links":{"self":[{"href":"https:\/\/sarpakete.com\/index.php\/wp-json\/wp\/v2\/product\/9919","targetHints":{"allow":["GET"]}}],"collection":[{"href":"https:\/\/sarpakete.com\/index.php\/wp-json\/wp\/v2\/product"}],"about":[{"href":"https:\/\/sarpakete.com\/index.php\/wp-json\/wp\/v2\/types\/product"}],"replies":[{"embeddable":true,"href":"https:\/\/sarpakete.com\/index.php\/wp-json\/wp\/v2\/comments?post=9919"}],"version-history":[{"count":0,"href":"https:\/\/sarpakete.com\/index.php\/wp-json\/wp\/v2\/product\/9919\/revisions"}],"wp:featuredmedia":[{"embeddable":true,"href":"https:\/\/sarpakete.com\/index.php\/wp-json\/wp\/v2\/media\/9918"}],"wp:attachment":[{"href":"https:\/\/sarpakete.com\/index.php\/wp-json\/wp\/v2\/media?parent=9919"}],"wp:term":[{"taxonomy":"product_brand","embeddable":true,"href":"https:\/\/sarpakete.com\/index.php\/wp-json\/wp\/v2\/product_brand?post=9919"},{"taxonomy":"product_cat","embeddable":true,"href":"https:\/\/sarpakete.com\/index.php\/wp-json\/wp\/v2\/product_cat?post=9919"},{"taxonomy":"product_tag","embeddable":true,"href":"https:\/\/sarpakete.com\/index.php\/wp-json\/wp\/v2\/product_tag?post=9919"}],"curies":[{"name":"wp","href":"https:\/\/api.w.org\/{rel}","templated":true}]}}