{"id":9818,"date":"2025-12-04T21:11:27","date_gmt":"2025-12-04T21:11:27","guid":{"rendered":"https:\/\/sarpakete.com\/index.php\/urun\/zumra-serisi-mese-desen-80x132-acilabilir-mdf-mutfak-masasi-takimi-6-adet-sandalye\/"},"modified":"2025-12-04T21:11:35","modified_gmt":"2025-12-04T21:11:35","slug":"zumra-serisi-mese-desen-80x132-acilabilir-mdf-mutfak-masasi-takimi-6-adet-sandalye","status":"publish","type":"product","link":"https:\/\/sarpakete.com\/index.php\/urun\/zumra-serisi-mese-desen-80x132-acilabilir-mdf-mutfak-masasi-takimi-6-adet-sandalye\/","title":{"rendered":"Z\u00fcmra Serisi, Me\u015fe Desen 80&#215;132 A\u00e7\u0131labilir Mdf Mutfak Masas\u0131 Tak\u0131m\u0131 6 Adet Sandalye"},"content":{"rendered":"<p>Modern tasar\u0131m\u0131yla dikkat \u00e7eken Z\u00fcmra serisi, mutfaklar\u0131n\u0131za \u015f\u0131kl\u0131k ve fonksiyonellik kat\u0131yor; Sandalyelerde kullan\u0131lan baby face kuma\u015f, yumu\u015fak dokusuyla konforlu bir oturma deneyimi sunuyor; A\u00e7\u0131l\u0131r masa fonksiyonu sayesinde, ihtiya\u00e7 duyuldu\u011funda ekstra alan yaratma imkan\u0131 sa\u011flar ve pratik kullan\u0131m sunar; 2 y\u0131l garanti s\u00fcresi ile sat\u0131n alma sonras\u0131 g\u00fcvenli bir kullan\u0131m vaat eder; Lacivert sandalyeler, mutfak dekorasyonunuza zarif bir renk dokunu\u015fu ekler;<\/p>\n","protected":false},"excerpt":{"rendered":"<p>Modern tasar\u0131m\u0131yla dikkat \u00e7eken Z\u00fcmra serisi, mutfaklar\u0131n\u0131za \u015f\u0131kl\u0131k ve fonksiyonellik kat\u0131yor; Sandalyelerde kullan\u0131lan baby face kuma\u015f, yumu\u015fak dokusuyla konforlu bir oturma deneyimi sunuyor; A\u00e7\u0131l\u0131r masa fonksiyonu sayesinde, ihtiya\u00e7 duyuldu\u011funda ekstra alan yaratma imkan\u0131 sa\u011flar ve pratik kullan\u0131m sunar; 2 y\u0131l garanti s\u00fcresi ile sat\u0131n alma sonras\u0131 g\u00fcvenli bir kullan\u0131m vaat eder; Lacivert sandalyeler, mutfak dekorasyonunuza &hellip; <a href=\"https:\/\/sarpakete.com\/index.php\/urun\/zumra-serisi-mese-desen-80x132-acilabilir-mdf-mutfak-masasi-takimi-6-adet-sandalye\/\" class=\"more-link\">Okumaya devam et <span class=\"screen-reader-text\">Z\u00fcmra Serisi, Me\u015fe Desen 80&#215;132 A\u00e7\u0131labilir Mdf Mutfak Masas\u0131 Tak\u0131m\u0131 6 Adet Sandalye<\/span><\/a><\/p>\n","protected":false},"featured_media":9817,"comment_status":"open","ping_status":"closed","template":"","meta":[],"product_brand":[229],"product_cat":[153],"product_tag":[],"class_list":{"0":"post-9818","1":"product","2":"type-product","3":"status-publish","4":"has-post-thumbnail","6":"product_brand-sar-pakete","7":"product_cat-mutfak-masasi-takimi","10":"instock","11":"shipping-taxable","12":"purchasable","13":"product-type-simple"},"_links":{"self":[{"href":"https:\/\/sarpakete.com\/index.php\/wp-json\/wp\/v2\/product\/9818","targetHints":{"allow":["GET"]}}],"collection":[{"href":"https:\/\/sarpakete.com\/index.php\/wp-json\/wp\/v2\/product"}],"about":[{"href":"https:\/\/sarpakete.com\/index.php\/wp-json\/wp\/v2\/types\/product"}],"replies":[{"embeddable":true,"href":"https:\/\/sarpakete.com\/index.php\/wp-json\/wp\/v2\/comments?post=9818"}],"version-history":[{"count":0,"href":"https:\/\/sarpakete.com\/index.php\/wp-json\/wp\/v2\/product\/9818\/revisions"}],"wp:featuredmedia":[{"embeddable":true,"href":"https:\/\/sarpakete.com\/index.php\/wp-json\/wp\/v2\/media\/9817"}],"wp:attachment":[{"href":"https:\/\/sarpakete.com\/index.php\/wp-json\/wp\/v2\/media?parent=9818"}],"wp:term":[{"taxonomy":"product_brand","embeddable":true,"href":"https:\/\/sarpakete.com\/index.php\/wp-json\/wp\/v2\/product_brand?post=9818"},{"taxonomy":"product_cat","embeddable":true,"href":"https:\/\/sarpakete.com\/index.php\/wp-json\/wp\/v2\/product_cat?post=9818"},{"taxonomy":"product_tag","embeddable":true,"href":"https:\/\/sarpakete.com\/index.php\/wp-json\/wp\/v2\/product_tag?post=9818"}],"curies":[{"name":"wp","href":"https:\/\/api.w.org\/{rel}","templated":true}]}}