{"id":9794,"date":"2025-12-04T21:10:44","date_gmt":"2025-12-04T21:10:44","guid":{"rendered":"https:\/\/sarpakete.com\/index.php\/urun\/zumra-serisi-mese-desen-80x132-acilabilir-mdf-mutfak-masasi-takimi-4-adet-sandalye-3\/"},"modified":"2025-12-04T21:10:51","modified_gmt":"2025-12-04T21:10:51","slug":"zumra-serisi-mese-desen-80x132-acilabilir-mdf-mutfak-masasi-takimi-4-adet-sandalye-3","status":"publish","type":"product","link":"https:\/\/sarpakete.com\/index.php\/urun\/zumra-serisi-mese-desen-80x132-acilabilir-mdf-mutfak-masasi-takimi-4-adet-sandalye-3\/","title":{"rendered":"Z\u00fcmra Serisi, Me\u015fe Desen 80&#215;132 A\u00e7\u0131labilir Mdf Mutfak Masas\u0131 Tak\u0131m\u0131 4 Adet Sandalye"},"content":{"rendered":"<p>Modern tasar\u0131m\u0131yla dikkat \u00e7eken Z\u00fcmra serisi, mutfaklar\u0131n\u0131za \u015f\u0131kl\u0131k katarken fonksiyonellikten \u00f6d\u00fcn vermiyor; A\u00e7\u0131l\u0131r masa \u00f6zelli\u011fi sayesinde, ihtiya\u00e7 duyuldu\u011funda ekstra alan yaratman\u0131z\u0131 sa\u011flar; 2 y\u0131l garanti s\u00fcresi ile uzun s\u00fcreli kullan\u0131m g\u00fcvencesi sunar; b\u00f6ylece Z\u00fcmra serisi mutfak masas\u0131 tak\u0131m\u0131n\u0131zla y\u0131llar boyu keyifli sohbetler ve yemekler payla\u015fabilirsiniz; Me\u015fe deseniyle do\u011fal bir dokunu\u015f sunan bu tak\u0131m, modern stil sahibi evler i\u00e7in idealdir; Hem estetik hem de fonksiyonel bir mutfak deneyimi vaat eder; Sandalyelerde kullan\u0131lan baby face kuma\u015f, yumu\u015fak dokusuyla konforlu oturumlar sa\u011flarken kolay temizlenebilir \u00f6zelli\u011fiyle pratiklik sunar; Antrasit rengi sandalyeler, modern mutfak dekorasyonunuza sofistike bir hava katar ve mevcut mobilyalar\u0131n\u0131zla kolayca uyum sa\u011flar;<\/p>\n","protected":false},"excerpt":{"rendered":"<p>Modern tasar\u0131m\u0131yla dikkat \u00e7eken Z\u00fcmra serisi, mutfaklar\u0131n\u0131za \u015f\u0131kl\u0131k katarken fonksiyonellikten \u00f6d\u00fcn vermiyor; A\u00e7\u0131l\u0131r masa \u00f6zelli\u011fi sayesinde, ihtiya\u00e7 duyuldu\u011funda ekstra alan yaratman\u0131z\u0131 sa\u011flar; 2 y\u0131l garanti s\u00fcresi ile uzun s\u00fcreli kullan\u0131m g\u00fcvencesi sunar; b\u00f6ylece Z\u00fcmra serisi mutfak masas\u0131 tak\u0131m\u0131n\u0131zla y\u0131llar boyu keyifli sohbetler ve yemekler payla\u015fabilirsiniz; Me\u015fe deseniyle do\u011fal bir dokunu\u015f sunan bu tak\u0131m, modern stil &hellip; <a href=\"https:\/\/sarpakete.com\/index.php\/urun\/zumra-serisi-mese-desen-80x132-acilabilir-mdf-mutfak-masasi-takimi-4-adet-sandalye-3\/\" class=\"more-link\">Okumaya devam et <span class=\"screen-reader-text\">Z\u00fcmra Serisi, Me\u015fe Desen 80&#215;132 A\u00e7\u0131labilir Mdf Mutfak Masas\u0131 Tak\u0131m\u0131 4 Adet Sandalye<\/span><\/a><\/p>\n","protected":false},"featured_media":9793,"comment_status":"open","ping_status":"closed","template":"","meta":[],"product_brand":[229],"product_cat":[153],"product_tag":[],"class_list":{"0":"post-9794","1":"product","2":"type-product","3":"status-publish","4":"has-post-thumbnail","6":"product_brand-sar-pakete","7":"product_cat-mutfak-masasi-takimi","10":"instock","11":"shipping-taxable","12":"purchasable","13":"product-type-simple"},"_links":{"self":[{"href":"https:\/\/sarpakete.com\/index.php\/wp-json\/wp\/v2\/product\/9794","targetHints":{"allow":["GET"]}}],"collection":[{"href":"https:\/\/sarpakete.com\/index.php\/wp-json\/wp\/v2\/product"}],"about":[{"href":"https:\/\/sarpakete.com\/index.php\/wp-json\/wp\/v2\/types\/product"}],"replies":[{"embeddable":true,"href":"https:\/\/sarpakete.com\/index.php\/wp-json\/wp\/v2\/comments?post=9794"}],"version-history":[{"count":0,"href":"https:\/\/sarpakete.com\/index.php\/wp-json\/wp\/v2\/product\/9794\/revisions"}],"wp:featuredmedia":[{"embeddable":true,"href":"https:\/\/sarpakete.com\/index.php\/wp-json\/wp\/v2\/media\/9793"}],"wp:attachment":[{"href":"https:\/\/sarpakete.com\/index.php\/wp-json\/wp\/v2\/media?parent=9794"}],"wp:term":[{"taxonomy":"product_brand","embeddable":true,"href":"https:\/\/sarpakete.com\/index.php\/wp-json\/wp\/v2\/product_brand?post=9794"},{"taxonomy":"product_cat","embeddable":true,"href":"https:\/\/sarpakete.com\/index.php\/wp-json\/wp\/v2\/product_cat?post=9794"},{"taxonomy":"product_tag","embeddable":true,"href":"https:\/\/sarpakete.com\/index.php\/wp-json\/wp\/v2\/product_tag?post=9794"}],"curies":[{"name":"wp","href":"https:\/\/api.w.org\/{rel}","templated":true}]}}